 = -4*u + 112, 3*b - 72 = -q*u - 1. What is the remainder when u is divided by (8/(-5))/(2/(-20))?
15
Let y = 4 - -3. Let r be (-6)/33 + 530/11. Let g = 67 - r. What is the remainder when g is divided by y?
5
Let g(v) = -v**3 + 7*v**2 + 2. Suppose 0*h - 3*h = -9. Calculate the remainder when h is divided by g(7).
1
Calculate the remainder when 31 is divided by (-85)/5*(1 + -2).
14
Suppose 0 = 3*q + 12, -275 = -5*m + 3*q + 2*q. Calculate the remainder when m is divided by 9.
6
Suppose -5*i - 20 = l, 3*i - 5*l - 19 + 3 = 0. Let j = 0 - i. Calculate the remainder when 14 is divided by -2 + (j - 1)*5.
6
Suppose -4*t + 3*z + 2*z + 20 = 0, -4*z = 2*t - 10. Suppose -4*k = k + 2*x - 26, 0 = -k - 5*x + 19. Calculate the remainder when t is divided by k.
1
Suppose 51 = -3*a - 213. Let y = a - -149. What is the remainder when y is divided by 21?
19
Let w(a) = 11*a + 1. Let c be w(-2). Calculate the remainder when 3/9*0 - c is divided by 11.
10
Let a = 110 - 65. Calculate the remainder when a is divided by 6/(-21) + 114/7.
13
Let p be -7 - -5 - (-1 + 1). Let m = 5 - p. What is the remainder when -3 - (-2)/(2/23) is divided by m?
6
Let i(t) = 4*t**3 - 4*t**2 + 9. Let k(d) = 3*d**3 - 3*d**2 + 10. Let h(q) = -4*i(q) + 5*k(q). Calculate the remainder when 55 is divided by h(0).
13
Suppose 3*q = -0*q - 5*f + 23, 4*q - 20 = 4*f. Suppose -5*w - 166 = -m, 0 = -3*w + 3*m - 64 - 26. Calculate the remainder when (w + 0)/((-4)/2) is divided by q.
5
Let i(j) = -25*j + 1. Let k be i(1). Let d be k/(-10) - 10/25. Suppose -d*b + 63 - 5 = 5*s, -4*s = -b - 36. Calculate the remainder when s is divided by 4.
2
Let x(u) = u**3 - 6*u**2 + 8*u - 7. Let w be x(6). Let n = w + -12. Suppose 4*g + 15 = 75. What is the remainder when n is divided by g?
14
Let p(h) = 7*h**3. Suppose 5*q + 2*i - 91 = 0, -5*q - 3*i = -8*i - 105. Calculate the remainder when q is divided by p(1).
5
Let g(k) = -k**2 + 9*k - 5. Calculate the remainder when g(5) is divided by -3*((-32)/3)/4.
7
Let x(w) = -w**3 - w**2 + 5*w + 3. What is the remainder when x(-4) is divided by 17?
14
Let k = 48 - 34. Suppose -3*u - 8 = -4*u. What is the remainder when k is divided by u?
6
Let g(p) = 2*p**3 - 4*p**2. What is the remainder when g(3) is divided by 10?
8
Suppose -5*x + 23 = -3*j - 19, -2*x + 3*j = -15. Calculate the remainder when x is divided by 2/(-3) - (-34)/6.
4
Calculate the remainder when 1128/18*3/2 is divided by 24.
22
Suppose 0 = 5*j + 5*f - 110, 8*j - 3*j - 4*f = 101. Let d = j + 0. Suppose 46 = 4*a - 3*t, -9 = -2*a + 5*t + d. Calculate the remainder when 19 is divided by a.
9
Let b(y) = 4*y + 10. Let d(n) = n + 1. Let p(h) = 2*b(h) - 22*d(h). Suppose 0 = -0*t + t + 2. What is the remainder when p(t) is divided by 9?
8
Let z(i) = 3*i**3 + 2*i - 1. Let n be z(1). Calculate the remainder when 32/(-4)*(1 + -2) is divided by (6 - 4)*6/n.
2
Let g = 19 - 14. Suppose 2*d - 2*z = 3*d, 18 = 5*d + 4*z. What is the remainder when d is divided by g?
1
Suppose 0 = -5*o - 4*i + 125, -3*o + 3*i = -2*i - 75. What is the remainder when o is divided by 8?
1
Let g(r) = r**2 - r - 19. Let l be g(0). Let b = -43 - l. Let q = b - -34. What is the remainder when 18 is divided by q?
8
Calculate the remainder when 56 is divided by 396/(-48)*(-8)/3.
12
Let n(d) = d**2 - 5*d + 3. Let y be n(6). Suppose 2*j = 3*j + y. Let r = j + 28. Calculate the remainder when r is divided by 11.
8
Let i be -1 + (7 - (-1 + 1)). Suppose 2*o = -4*z + 12 + i, -4*z - 17 = -5*o. What is the remainder when 4 is divided by z?
0
Let i = 7 + 8. What is the remainder when i is divided by 4?
3
Let r = 105 + -48. Let n = -15 + 30. Calculate the remainder when r is divided by n.
12
Let p(q) = -2*q**3 + 5*q**2 - 2*q - 3. Let t be p(3). Let k = t - -27. Suppose 5*r - 3*r - 52 = 0. What is the remainder when r is divided by k?
8
Suppose 0 = 3*b, -3*k = 2*b - b - 93. Calculate the remainder when k is divided by 17.
14
Let c = 41 - 29. Let t(i) = -i**2 + 13*i - 10. What is the remainder when 6 is divided by t(c)?
0
Let r(h) be the third derivative of h**5/60 - h**4/12 + h**3 - 4*h**2. Calculate the remainder when 54 is divided by r(4).
12
Suppose 5*v + 5*p = -30, 33 = -4*v - p + 3. Let g(m) = -3*m - 11. Let n = -2 + 7. Calculate the remainder when g(v) is divided by n.
3
Let m = -4 + 41. What is the remainder when m is divided by 10?
7
Let c be 3 - (2 + 0)*-1. Suppose -3*u - 190 = -c*g + 79, -171 = -3*g + 5*u. What is the remainder when g is divided by 18?
16
Let y(u) = -7*u. Let h be (-3)/(-1 + 5/2). What is the remainder when y(h) is divided by 5?
4
Let q = 25 - 9. What is the remainder when 60 is divided by q?
12
Let j(a) = -1. Let o(i) = i**3 + 3*i**2 - 3*i - 1. Let g(n) = -2*j(n) + o(n). Let l = 21 + -15. What is the remainder when g(-3) is divided by l?
4
Suppose 2*u = -0*c - 4*c + 26, 0 = -2*u - c + 35. Let a = u + -1. Suppose 0 = 2*p - w - 17, -37 = -4*p - w + 6. Calculate the remainder when a is divided by p.
8
Suppose -184 = -3*l + 131. Suppose l = -3*u + 8*u. Let o(v) = -v**3 + 2*v**2 - 4. Calculate the remainder when o(-3) is divided by u.
20
Let x = -48 - -58. Calculate the remainder when x is divided by 3.
1
Calculate the remainder when 22 is divided by (-4)/((-28)/12 - -2).
10
Suppose -4*a = -a - 42. Suppose q - a = -0*q + m, 4*m = -q + 29. What is the remainder when q is divided by 9?
8
Suppose 4*b - 3*g = 9 + 24, 4*b + 2*g - 38 = 0. Suppose -u + b = -14. What is the remainder when u is divided by 8?
7
Suppose 720 = 26*k + 22*k. Calculate the remainder when 86/(0/(-2) + 2) is divided by k.
13
Let g(r) = 4*r - 6. Suppose 2*u - 20 = -4. Suppose -2*p + 4*b - 2 = 0, 2*b = 3*p - 0*p - 17. Calculate the remainder when g(u) is divided by p.
8
Let n = 26 + -6. Calculate the remainder when n is divided by 8.
4
Let h(r) = -r**3 + 15*r**2 + 20*r - 15. What is the remainder when h(16) is divided by 25?
24
Suppose -270 = 22*z - 24*z. What is the remainder when z is divided by 23?
20
Let w = -7 + 17. What is the remainder when 38 is divided by w?
8
Let p = 110 + -44. Calculate the remainder when p is divided by 17.
15
Suppose -4*r + 45 + 71 = 0. Suppose 4*l + 5*o - 21 = 0, 0 = -o + 1 + 4. Calculate the remainder when r is divided by l + (-2 - -18 - 0).
14
Let g(i) = i**2 + 12*i + 14. Let t be g(-11). Suppose 0 = -t*v + 8 + 31. Calculate the remainder when v is divided by 7.
6
Suppose f = -3*f + 16. Suppose -f*i + 3*k + 4 = k, 5*i - 5 = -k. Suppose -2*o - 1 = -3. What is the remainder when o is divided by i?
0
Let g = 46 - 30. Suppose -g = -a + 1. Suppose 0 = r - 3*r + 64. What is the remainder when r is divided by a?
15
What is the remainder when (-173 - 3)*(-6)/6 is divided by 59?
58
Let f = 151 + -51. Suppose -5*g - f = -5*p, -3*g = -5*p - 2*g + 84. Let c = 25 - 19. What is the remainder when p is divided by c?
4
Let u(k) = -k**2 - 8*k + 3. Let f be u(-8). Suppose f*o - 9 = 0, 5*o + 31 = 2*c - 0. What is the remainder when 45 is divided by c?
22
Suppose -2*x + 4*b = 12, 2*x + 4*b - 40 = -3*x. Suppose 3*y + x*j - 6 = 1, 5*y + j = 40. What is the remainder when 33 is divided by y?
6
Let a = -292 - -417. Calculate the remainder when a is divided by 32.
29
Suppose -2*c = -3*c + 3*q + 6, -4*c + 3*q = -15. Let j = 41 + -25. What is the remainder when 60/2 + -3 + c is divided by j?
14
Suppose -26 - 6 = -4*w. Let g = w + 9. What is the remainder when g is divided by 6?
5
Suppose -1300 = -5*b - 5*b. What is the remainder when b is divided by 12?
10
Let f(i) = i**3 - 5*i**2 + 9*i. Calculate the remainder when f(5) is divided by 8.
5
Let i = -7 - -12. Suppose o - i = -0*o. Calculate the remainder when 17 is divided by o.
2
Let x(o) = o**3 + 9*o**2 - 7*o + 3. Let v be x(-10). Let m = v - -64. What is the remainder when m is divided by 13?
11
Let h be (-26)/(-8) + 3/(-12). What is the remainder when 20*(0 + 1) + h is divided by 12?
11
Suppose 70 = 5*u - 0*u. What is the remainder when 53 is divided by u?
11
What is the remainder when 8/(-44) + (-1036)/(-11) is divided by 12?
10
Suppose n = -4*n + 150. Calculate the remainder when n is divided by 8.
6
Suppose 3*v - 11 - 15 = -l, 4 = 2*v - 2*l. Let o be 1/(-1)*-3 + 10. Let r = o + 0. Calculate the remainder when r is divided by v.
6
Let u = 90 + -35. Let d(t) = t + 19. Calculate the remainder when u is divided by d(0)